v(-6).
0
Let b(y) = -11*y**2 + y - 9. Let g(t) = 5*t**2 + 4. Let q(n) = -4*b(n) - 9*g(n). Let p be q(-5). Let u(o) = -11*o - 4 + 10*o + 4. Calculate u(p).
5
Suppose 2*s + 4*c = 7*c + 14, 18 = 2*s - 5*c. Let t(o) = -o - 1. Let v(n) = 2*n + 2. Let i(d) = -5*t(d) - 3*v(d). Give i(s).
-5
Let o(n) = -3*n**3 + n. Let m be 12 - (-2 + 2)/1. Let f(v) = -v**2 + 11*v + 13. Let q be f(m). What is o(q)?
-2
Suppose -c + 2 = -1. Let o be (-1)/(2 + 5/(-2)). Let d(f) = f - 1 + o*f - 5*f. Calculate d(c).
-7
Let x(v) = 0*v**3 - 6*v**3 - v + 1 + 0 - 5*v**2 + 7*v**3. Let d = -5 + 10. Give x(d).
-4
Suppose -4*n + n + 3 = 0. Let r(a) = -a. Calculate r(n).
-1
Let t(k) = -k**2 + k + 5. Let q = -3 + 3. Suppose q*m + m = 0. Suppose 5*v = -m*v. Calculate t(v).
5
Let p = -12 - -17. Let z(m) = 4*m**3 + 4 - 37*m**2 + 41*m**2 - p*m**3. What is z(4)?
4
Suppose -h = h - 10. Suppose 2*g = 5*x + 25, x + 0*g = -5*g - h. Let z(w) = w**2 + 7*w + 2. Give z(x).
-8
Let n(q) = -2*q**2 - 2*q - 2. Let s be n(-2). Let i be (-1 + (-2)/(-1))/(-1). Let x(j) = -2*j + 6. Let y(l) = 1. Let v(t) = i*x(t) + 10*y(t). Calculate v(s).
-8
Let q(j) be the first derivative of j**4/12 + j**3/2 + j**2/2 + 3. Let k(m) be the second derivative of q(m). Give k(3).
9
Let x(b) = 4*b**3 - 7*b + 7. Let j(r) = 3*r**3 - 5*r + 5. Let f(z) = 7*j(z) - 5*x(z). Suppose -2*i + 8 = 2*p - 0, -p + 1 = -2*i. Give f(i).
1
Let p(g) = g + 7. Let q = 9 + -9. What is p(q)?
7
Let r(o) = 6*o - 4 + 2 - 2*o**2 + 0. Give r(4).
-10
Let j(g) = -g + 1. Let h = 89 + -96. What is j(h)?
8
Let u(p) = p. Suppose -2*x + 9 = 3*t - 4, -2*x - 2*t + 10 = 0. Suppose 5 = -3*b + x*s - 13, -b + 5*s = 6. Give u(b).
-6
Let i(o) be the third derivative of -o**6/30 - o**4/24 + 5*o**3/6 + 6*o**2. Let d(j) = j**3 - 1. Let k(m) = -9*d(m) - 2*i(m). Give k(-2).
3
Let n be (-76)/(-16) - (-2)/8. Let x(d) be the second derivative of d**5/20 - d**4/3 - 5*d**3/6 + 5*d**2/2 + 4*d. What is x(n)?
5
Suppose 4*w = w - 15. Suppose 4*p - 6*p + 2 = 0. Let z(k) = -k + 2*k - p + 1. Give z(w).
-5
Let y(p) be the second derivative of p**5/2 - p**4/6 - p**3/3 - p**2/2 - 5*p. Calculate y(-1).
-11
Let u(h) = 2*h - 4. Let x be 3*(3 - 93/9). Let r = -16 - x. Suppose 5*w + r = -l, 4 + 0 = -2*w. What is u(l)?
4
Let a(g) = g**2 - 6*g. Suppose 27 = l - 3. Let h be (-20)/l + 14/(-6). Let y be (-5)/((-3 + 6)/h). Determine a(y).
-5
Let i(a) = -2*a**2 - 9. Suppose 4*n - 3*c - 12 = 0, -n + 2*c + 6 = 3. Let j(g) = -g**2 - 5. Let t(o) = n*i(o) - 5*j(o). Determine t(3).
-11
Let m = -27 - -24. Let y(t) = t**3 + 2*t**2 - 2*t. Calculate y(m).
-3
Suppose -k + 6*k = 0. Suppose 18 = 3*w + 3*j, w + j + 14 = 5*j. Suppose k*l - 2*l + w = 0. Let d(y) = y**2 + y. Determine d(l).
2
Let z(a) = a**2 - 6*a. Let k(n) = -7*n - 92. Let l be k(-14). Determine z(l).
0
Suppose 0 = 7*a - 8*a - 6. Let c(n) be the second derivative of n**3/3 + 9*n**2/2 - 3*n. Calculate c(a).
-3
Let n(h) = -4*h + 4*h**2 - 4 - 5*h + 0 - 10*h**2. Let b(y) = y**2 + y. Let j(c) = 5*b(c) + n(c). Calculate j(-4).
-4
Suppose -11 - 1 = -4*b. Let y(l) = -l**3 + 3*l**2 - l - 4. Determine y(b).
-7
Let u(z) = -z + 5. Let m be u(8). Let p = 3 + m. Suppose p*l + l = 0. Let c(r) = -r + 4. What is c(l)?
4
Let d = -3 - -4. Let q(s) = -s**3 - 5*s**2 - 5*s + 0 - 2*s**2 - d + 3. Calculate q(-6).
-4
Let k(v) = v**3 + 4*v**2 - 3*v - 1. Let u(h) = 4*h**3 + 13*h**2 - 10*h - 4. Let d(l) = -7*k(l) + 2*u(l). Suppose 2*x + 0 = 4. Give d(x).
1
Let l(t) = 2*t**3 + 5*t**2 + t - 7. Let i(c) = c**3 + 4*c**2 + 2*c - 6. Let p(v) = -3*i(v) + 2*l(v). What is p(3)?
1
Let i(h) be the first derivative of 2*h**2 + 2*h + 5. Let z(s) = 2*s**3 - s - 1. Let b be z(-1). Let q(j) = j. Let g be q(b). What is i(g)?
-6
Let v = 0 - -2. Let m(l) = 3*l**2 + 2*l**v + 2*l - 4*l**2. Let a = 4 - 8. Calculate m(a).
8
Let v be 24/(-8) + (6 - -1). Suppose -v*m = 3 - 7. Let t(n) be the first derivative of -5*n**2/2 - 1. What is t(m)?
-5
Let o(k) be the third derivative of -k**5/60 - k**4/24 + k**3/3 + k**2. Let x be o(0). Let i(h) = -2*h - x*h + 5*h. Calculate i(1).
1
Let h(j) = -13*j**2 + 9*j - 33. Let n(k) = -7*k**2 + 5*k - 17. Let a(g) = 6*h(g) - 11*n(g). Calculate a(0).
-11
Let n(k) = -k**2 - 5*k + 6. Let g(m) = 2*m**2 + 11*m - 12. Let w(f) = 2*g(f) + 5*n(f). Determine w(-5).
-4
Suppose 17 - 33 = -4*y. Let p(k) = 4*k - 6*k + y*k. Give p(-4).
-8
Let c(y) be the first derivative of -y**4/4 + 3*y**3 + 6*y**2 - 7*y - 20. What is c(10)?
13
Let d = -6 - -13. Let f(h) = -9 + d - h - 5. Let l(x) = -3*x**3 - x**2 + x - 1. Let i be l(1). Determine f(i).
-3
Let l(s) = -2*s + 1. Let i = 10 - 6. Suppose i = 5*f - 3*f. Let n be l(f). Let h(y) = y + 2. Calculate h(n).
-1
Let n(c) = -4*c - 1. Let d be n(-2). Let b = 12 - d. Let o(y) = 8*y**2 - 5*y + 1. Let h(k) = -7*k**2 + 5*k. Let q(m) = 7*h(m) + 6*o(m). What is q(b)?
6
Let k(g) = -g**2 + 3*g + 2. Let l(h) = 11*h + 2. Let p(x) = x**2 - 6*x + 7. Let f be p(5). Let m be l(f). Let r be m/(-10) - 4/(-10). Determine k(r).
-8
Let b(p) = -p + 1. Let g(k) = -2*k**2 + 5*k + 7. Let z be g(4). Give b(z).
6
Let c = -2 + 2. Suppose -2*f = -c*f. Let j be 1/(f + 1) - 1. Let y(b) = -b**2 - 1. Calculate y(j).
-1
Suppose -4*d = 3*g + 24, 4*d - 3*g = -22 - 2. Let i(h) = h**3 + 8*h**2 + 7*h - 5. Calculate i(d).
25
Let m be (-19 + 18)/(0 - -1). Let u(k) = 11*k**2 - 2*k - 1. Give u(m).
12
Let w(l) = -l**3 + l + 3. Suppose 3*h = 4*g - 0*h + 9, 5*g = h - 3. Determine w(g).
3
Suppose -5*x + 1 = 2*o - 5, 4*x - 10 = o. Suppose -2 = x*m - m. Let l(n) be the third derivative of n**6/60 + n**5/15 + n**4/12 - n**2. Calculate l(m).
-4
Let j(n) = 6*n + 2 + 4*n - n - 14*n. What is j(3)?
-13
Let j(i) = 10*i - 5. Let n(r) = r - 1. Let t(s) = -j(s) + 4*n(s). What is t(1)?
-5
Let y(j) be the first derivative of j**4/4 + j**3/3 + j**2/2 + j - 4. Determine y(-1).
0
Let b(h) = -h**2 + 2*h - 6. Let o be b(0). Let j(u) = -u**2 - 7*u + 8. What is j(o)?
14
Let p(r) be the second derivative of -r**4/12 + r**3/3 - r**2 - 7*r. What is p(3)?
-5
Let c be (-402)/78 + 1 + 33/(-39). Let l(s) be the second derivative of -s**3/6 - s**2 - 2*s. Let z(f) = -f - 2. Let b(d) = -6*l(d) + 5*z(d). What is b(c)?
-3
Let u(r) = r**3 + 7*r**2 + 6*r - 1. Let o be u(-6). Let d(h) = 5 - h + 0 - 6 + 0*h. Let y(w) = w + 1. Let a(n) = o*y(n) - 3*d(n). Determine a(-3).
-4
Suppose -4*z + 8 = -0*z. Let u(t) = -t + 2. Calculate u(z).
0
Let w = -12 + 17. Let v(s) = -s**2 + 2*s + 4. Give v(w).
-11
Let q = 4 - 6. Let n(o) = -4*o**3 - 6*o**2 - o - 2. Let t(g) = -9*g**3 - 13*g**2 - g - 4. Let c(f) = 5*n(f) - 2*t(f). What is c(q)?
4
Let t(z) = -6*z + 17. Let s(i) = -3*i + 8. Let w(r) = 13*s(r) - 6*t(r). Let u = 8 - 11. What is w(u)?
11
Let c = 17 + -24. Let b(f) = f**2 + 2. Let x(y) = -2*y**2 - 5. Let q(p) = c*b(p) - 3*x(p). What is q(-1)?
0
Let p(h) = h**3 + 2*h**2 - h - 2. Let k be p(-2). Let m(o) be the second derivative of 3*o + 3/2*o**2 + k + 1/3*o**3 - 1/12*o**4. Calculate m(4).
-5
Let b(z) = z**3 + z**2 - 2*z - 1. Let a = 6 + -2. Suppose -3*n = a*r + 10, -n = -0*n - r + 1. Let i be b(n). Let h(u) = -5*u. Determine h(i).
5
Let y(d) = -3*d**2 + d**2 - 5 + 3*d**2 - 3*d. Suppose -x - 24 = -7*x. What is y(x)?
-1
Let n(s) be the second derivative of s**6/120 - s**5/15 + s**4/8 - 2*s**3/3 + 2*s**2 + 4*s. Let w(y) be the first derivative of n(y). What is w(3)?
-4
Let c be 7/4 + 7/28. Let z(f) be the first derivative of -2*f - 2 + 1/4*f**4 + 4/3*f**3 + f**c. What is z(-2)?
2
Let p(t) = -t**2 - 10*t - 3. Suppose -g + 5*g = -16. Let f be (-415)/45 - g/18. Let s be p(f). Let d(i) = -i**2 + 7*i - 3. Determine d(s).
3
Let h(b) = 6*b + 1. Let z(f) = -2*f + 5. Let x be z(-5). Let c be 4/2*x/6. Let d = c + -6. Calculate h(d).
-5
Let v(u) = -u**3 + 7*u**2 - 4*u + 1. Let w be (-420)/(-24)*(-8)/10. Let s = w + 20. Calculate v(s).
13
Let n(o) = -o - 2. Let b(l) = l**2 - 3*l + 6. Let j be b(2). What is n(j)?
-6
Let o(c) = c**3 - 3*c**2 - 5*c + 6. Let g be o(4). Let w(a) = -3*a + 0*a**2 + a**g + 0*a. Suppose 3*i - 4*p = 1, 6 + 16 = 4*i + 5*p. Determine w(i).
0
Let h(f) = -f**3 + 7*f**2 + f - 6. Let c be h(7). Let j be (3 - 1)*(c - 0). Let o(k) = 2*k - j*k - k - 1. What is o(3)?
-4
Suppose 3*v + v = 4*x + 20, -x + 3*v = 15. Suppose 5 + x = w. Let t(n) = -n + 6. Determine t(w).
1
Suppose m - 2 = -0. Let v be ((-3)/2)/((-1)/m). Let f(c) = c - 1 + 2